{"id":162,"date":"2014-12-06T20:47:41","date_gmt":"2014-12-06T19:47:41","guid":{"rendered":"http:\/\/www.cvraiz.com\/?page_id=162"},"modified":"2024-02-24T22:47:34","modified_gmt":"2024-02-24T21:47:34","slug":"pano-textiles","status":"publish","type":"page","link":"https:\/\/cvraiz.com\/?page_id=162","title":{"rendered":"Pano textiles"},"content":{"rendered":"<p><span style=\"font-size: x-large;\"><b>PANO DE TERRA<\/b><\/span><\/p>\n<p>The Pano textiles made in Cape Verde from locally grown cotton <strong><span style=\"color: #0000ff;\">u<\/span><span style=\"color: #0000ff;\">sed to be hugely popular throughout Upper Guinea<\/span><\/strong>. They were even exported at times to Brazil and other parts of Africa. Panos were also worn by most Cape Verdean women well into the late 1800\u2019s. Not only in Santiago but all the other islands as well.<\/p>\n<p>The Pano industry of Cape Verde became dominant after Cape Verde stopped being a regional trading center and transit station for reexporting slaves in the 1600\u2019s. It <strong><span style=\"color: #0000ff;\">already started in the 1500\u2019s<\/span><\/strong> though. There are many fascinating aspects. The Panos are assumed to have patterns of originally Moorish or Hispano\/Morisco design. But this industry was based on Upper Guinean production methods (the loom and the way of combining several strips to make 1 piece of textile).<\/p>\n<p>These <strong><span style=\"color: #0000ff;\">production methods are assumed to have been spread by the Mandinga and Wolof<\/span><\/strong> specifically. At the time of Portuguese arrival in the 1400\u2019s they were also the only peoples together with the Sereer and Fula being described as wearing cotton clothing. Later on this habit spread gradually, mainly among the elites of southern areas within Upper Guinea.<\/p>\n<p>However the cultivation of cotton and also the actual weaving of the Pano textiles was apparently done exclusively in Senegambia and Mali. Only exception being the Casamance and S\u00e3o Domingos river in Guin\u00e9 Bissau. Where the <strong><span style=\"color: #0000ff;\">Cassanga and Banhun are said to have been early adapters.<\/span><\/strong> Followed some time later by the Papel who also got influenced by Cape Verdean settlers in Cacheu. This area would also be the chief buyer of Cape Verdean cotton which they used for making Pano textiles themselves. Aside from also importing lots of Cape Verdean Panos. Cape Verdean Panos were also especially popular in Sierra Leone and Guin\u00e9 Conakry where the English found them to be indispensable for slave trading.<\/p>\n<p>There were several types of Cape Verdean Pano\u2019s, each carrying its own name. <strong><span style=\"color: #0000ff;\">Two Pano types from the 1700\u2019s can be related to Senegal<\/span> <\/strong>according to Cape Verdean historian Antonio Carreira who devoted an entire study to Panos (<em>Panaria Caboverdeana-Guineense: aspectos hist\u00f3ricos e s\u00f3cio-econ\u00f3micos<\/em>, 1983).<\/p>\n<ul>\n<li><strong>Pano Xereos<\/strong> = Sereer<\/li>\n<li><strong>Pano Gallum<\/strong> = reference to Senegal<\/li>\n<\/ul>\n<p>Because the production of Panos required specialized labour, Cape Verdean slaveowners sought out experienced weavers. Especially (but not exclusively) Mandinga, Banhun, Sereer and Wolof ones. So actually this might even have <strong><span style=\"color: #0000ff;\">influenced the ethnic composition of slave imports into Cape Verde.<\/span> <\/strong>Not intended for transit to the Americas therefore. This quote is from Cape Verdean trader\/writer Lemos Coelho (1684).<\/p>\n<p>____________________<\/p>\n<div class=\"bbcode_container\">\n<div class=\"bbcode_quote\">\n<address class=\"quote_container\" style=\"padding-left: 30px;\">&#8220;The Jalofo [Wolof] women are very beautiful, and very genteel. They are<br \/>\n<strong><span style=\"color: #0000ff;\">skilled in spinning yarn<\/span><\/strong>, hence those of them who come to be enslaved<br \/>\nare very much prized.&#8221;<\/address>\n<address>____________________<\/address>\n<\/div>\n<\/div>\n<p>A final interesting thing to mention is that originally <strong><span style=\"color: #0000ff;\">most Panos were produced on the Cape Verdean island of Fogo. <\/span><\/strong>Because they had the most cotton cultivation. So perhaps the ethnic composition of slaves living on this island got most influenced. However there was also always significant production in Santiago. And later on in the late 1700\u2019s it also spread to other islands. According to Antonio Carreira the weaving looms of Santo Ant\u00e3o were similar to the ones from Fogo and different from the ones of Santiago. So this might hint at which island was principal in diffusing this technique to other islands.<\/p>\n<h3><strong>Recommended\u00a0 Reading Online<\/strong><\/h3>\n<p>&#8211; <span class=\"a\">Money<span class=\"l11\">, Cloth-Currency<span class=\"l6\">, Monopoly<span class=\"l9\">,<span class=\"Apple-converted-space\">\u00a0<\/span>and<span class=\"Apple-converted-space\">\u00a0<\/span>Slave T<span class=\"l10\">rade<span class=\"Apple-converted-space\">\u00a0<\/span>in <\/span><\/span><\/span><\/span><\/span><span class=\"a\">the Rivers of Guin\u00e9 and the<span class=\"Apple-converted-space\">\u00a0<\/span>Cape Verde Islands 17<span class=\"l7\">55\u2013<span class=\"l10\">1<span class=\"l9\">777 (<a href=\"http:\/\/www.academia.edu\/5019257\/Liberato_Money-Cloth-Monopoly-Slave-Trade-in-Guine-and-Cape-Verde_1755-1777\" target=\"_blank\" rel=\"noopener\">link to paper<\/a><\/span><\/span><\/span><\/span>)<\/p>\n<p>&#8211; <span class=\"a\">Panos da Escravid\u00e3o: Panos de terra (<a href=\"http:\/\/www.academia.edu\/6861797\/Panos_da_Escravid%C3%A3o_Panos_de_terra\" target=\"_blank\" rel=\"noopener\">link to paper<\/a>)<br \/>\n<\/span><\/p>\n<p>&#8211; The Cape Verdean pano &#8211; a unique handicraft (<a href=\"https:\/\/web.archive.org\/web\/20160306005155\/http:\/\/tabanka.no\/pano_en.htm\" target=\"_blank\" rel=\"noopener\">link to website<\/a>)<\/p>\n<p>&#8211; Transformation of &#8220;old&#8221; slavery into Atlantic slavery: Cape Verde Islands, c. 1500-1879 (<a href=\"https:\/\/d.lib.msu.edu\/etd\/1921\" target=\"_blank\" rel=\"noopener\">link to dissertation<\/a>)<\/p>\n<h1 class=\"work-title text-center text-slim\"><\/h1>\n<div class=\"ast-oembed-container \" style=\"height: 100%;\"><iframe loading=\"lazy\" title=\"Tecer uma faixa de pano de terra\" width=\"500\" height=\"281\" src=\"https:\/\/www.youtube.com\/embed\/v7baOVNgv4M?feature=oembed\" frameborder=\"0\" allow=\"accelerometer; autoplay; clipboard-write; encrypted-media; gyroscope; picture-in-picture; web-share\" allowfullscreen><\/iframe><\/div>\n<h1><span style=\"color: #ffffff;\">***<\/span><\/h1>\n<p><a href=\"https:\/\/www.cvraiz.com\/wp-content\/uploads\/14.jpg\"><img loading=\"lazy\" decoding=\"async\" class=\"aligncenter wp-image-184 size-full\" src=\"https:\/\/www.cvraiz.com\/wp-content\/uploads\/14.jpg\" alt=\"14\" width=\"400\" height=\"597\" srcset=\"https:\/\/cvraiz.com\/wp-content\/uploads\/14.jpg 400w, https:\/\/cvraiz.com\/wp-content\/uploads\/14-201x300.jpg 201w\" sizes=\"(max-width: 400px) 100vw, 400px\" \/><\/a><\/p>\n<h1><span style=\"color: #ffffff;\">***<\/span><\/h1>\n<figure id=\"attachment_185\" aria-describedby=\"caption-attachment-185\" style=\"width: 797px\" class=\"wp-caption aligncenter\"><a href=\"https:\/\/cvraiz.com\/wp-content\/uploads\/pano_d_obra.jpg\" target=\"_blank\" rel=\"noopener\"><img loading=\"lazy\" decoding=\"async\" class=\"wp-image-185 size-full\" src=\"https:\/\/cvraiz.com\/wp-content\/uploads\/pano_d_obra.jpg\" alt=\"pano_d_obra\" width=\"797\" height=\"620\" srcset=\"https:\/\/cvraiz.com\/wp-content\/uploads\/pano_d_obra.jpg 797w, https:\/\/cvraiz.com\/wp-content\/uploads\/pano_d_obra-300x233.jpg 300w\" sizes=\"(max-width: 797px) 100vw, 797px\" \/><\/a><figcaption id=\"caption-attachment-185\" class=\"wp-caption-text\">Source: http:\/\/tabanka.no\/. Pano made by Henrique Sanches in 2002.<\/figcaption><\/figure>\n<h1><span style=\"color: #ffffff;\">***<\/span><\/h1>\n<p><span style=\"color: #0000ff;\"><strong>Picture taken around 1905<\/strong><\/span>, first woman on the left wearing Pano de terra.<\/p>\n<h1><span style=\"color: #ffffff;\">***<\/span><\/h1>\n<p><img loading=\"lazy\" decoding=\"async\" class=\"aligncenter wp-image-187 size-full\" src=\"https:\/\/www.cvraiz.com\/wp-content\/uploads\/Rare-view-of-a-Cape-Verde-panos-in-use-worn-at-a-batuque-dance.-Detail-of-a-vintage-postcard-circa-1905-authocapvert2-1.jpg\" alt=\"Rare view of a Cape Verde panos in use, worn at a batuque dance. Detail of a vintage postcard, circa 1905, authocapvert[2] (1)\" width=\"592\" height=\"633\" srcset=\"https:\/\/cvraiz.com\/wp-content\/uploads\/Rare-view-of-a-Cape-Verde-panos-in-use-worn-at-a-batuque-dance.-Detail-of-a-vintage-postcard-circa-1905-authocapvert2-1.jpg 592w, https:\/\/cvraiz.com\/wp-content\/uploads\/Rare-view-of-a-Cape-Verde-panos-in-use-worn-at-a-batuque-dance.-Detail-of-a-vintage-postcard-circa-1905-authocapvert2-1-280x300.jpg 280w\" sizes=\"(max-width: 592px) 100vw, 592px\" \/><\/p>\n<h1><span style=\"color: #ffffff;\">***<\/span><\/h1>\n<p><a href=\"https:\/\/www.cvraiz.com\/?page_id=164\"><img loading=\"lazy\" decoding=\"async\" class=\"aligncenter wp-image-113 size-full\" src=\"https:\/\/www.cvraiz.com\/wp-content\/uploads\/next.jpg\" alt=\"next\" width=\"600\" height=\"450\" srcset=\"https:\/\/cvraiz.com\/wp-content\/uploads\/next.jpg 600w, https:\/\/cvraiz.com\/wp-content\/uploads\/next-300x225.jpg 300w\" sizes=\"(max-width: 600px) 100vw, 600px\" \/><\/a><\/p>\n","protected":false},"excerpt":{"rendered":"<p>PANO DE TERRA The Pano textiles made in Cape Verde from locally grown cotton used to be hugely popular throughout [&hellip;]<\/p>\n","protected":false},"author":1,"featured_media":0,"parent":16,"menu_order":1,"comment_status":"closed","ping_status":"closed","template":"template-sidebar-left.php","meta":{"site-sidebar-layout":"default","site-content-layout":"","ast-site-content-layout":"","site-content-style":"default","site-sidebar-style":"default","ast-global-header-display":"","ast-banner-title-visibility":"","ast-main-header-display":"","ast-hfb-above-header-display":"","ast-hfb-below-header-display":"","ast-hfb-mobile-header-display":"","site-post-title":"","ast-breadcrumbs-content":"","ast-featured-img":"","footer-sml-layout":"","theme-transparent-header-meta":"","adv-header-id-meta":"","stick-header-meta":"","header-above-stick-meta":"","header-main-stick-meta":"","header-below-stick-meta":"","astra-migrate-meta-layouts":"default","ast-page-background-enabled":"default","ast-page-background-meta":{"desktop":{"background-color":"var(--ast-global-color-4)","background-image":"","background-repeat":"repeat","background-position":"center center","background-size":"auto","background-attachment":"scroll","background-type":"","background-media":"","overlay-type":"","overlay-color":"","overlay-gradient":""},"tablet":{"background-color":"","background-image":"","background-repeat":"repeat","background-position":"center center","background-size":"auto","background-attachment":"scroll","background-type":"","background-media":"","overlay-type":"","overlay-color":"","overlay-gradient":""},"mobile":{"background-color":"","background-image":"","background-repeat":"repeat","background-position":"center center","background-size":"auto","background-attachment":"scroll","background-type":"","background-media":"","overlay-type":"","overlay-color":"","overlay-gradient":""}},"ast-content-background-meta":{"desktop":{"background-color":"var(--ast-global-color-5)","background-image":"","background-repeat":"repeat","background-position":"center center","background-size":"auto","background-attachment":"scroll","background-type":"","background-media":"","overlay-type":"","overlay-color":"","overlay-gradient":""},"tablet":{"background-color":"var(--ast-global-color-5)","background-image":"","background-repeat":"repeat","background-position":"center center","background-size":"auto","background-attachment":"scroll","background-type":"","background-media":"","overlay-type":"","overlay-color":"","overlay-gradient":""},"mobile":{"background-color":"var(--ast-global-color-5)","background-image":"","background-repeat":"repeat","background-position":"center center","background-size":"auto","background-attachment":"scroll","background-type":"","background-media":"","overlay-type":"","overlay-color":"","overlay-gradient":""}},"footnotes":""},"_links":{"self":[{"href":"https:\/\/cvraiz.com\/index.php?rest_route=\/wp\/v2\/pages\/162"}],"collection":[{"href":"https:\/\/cvraiz.com\/index.php?rest_route=\/wp\/v2\/pages"}],"about":[{"href":"https:\/\/cvraiz.com\/index.php?rest_route=\/wp\/v2\/types\/page"}],"author":[{"embeddable":true,"href":"https:\/\/cvraiz.com\/index.php?rest_route=\/wp\/v2\/users\/1"}],"replies":[{"embeddable":true,"href":"https:\/\/cvraiz.com\/index.php?rest_route=%2Fwp%2Fv2%2Fcomments&post=162"}],"version-history":[{"count":11,"href":"https:\/\/cvraiz.com\/index.php?rest_route=\/wp\/v2\/pages\/162\/revisions"}],"predecessor-version":[{"id":408,"href":"https:\/\/cvraiz.com\/index.php?rest_route=\/wp\/v2\/pages\/162\/revisions\/408"}],"up":[{"embeddable":true,"href":"https:\/\/cvraiz.com\/index.php?rest_route=\/wp\/v2\/pages\/16"}],"wp:attachment":[{"href":"https:\/\/cvraiz.com\/index.php?rest_route=%2Fwp%2Fv2%2Fmedia&parent=162"}],"curies":[{"name":"wp","href":"https:\/\/api.w.org\/{rel}","templated":true}]}}